thousands digit of 16783091?
8
What is the hundreds digit of 773126?
1
What is the tens digit of 1046758?
5
What is the units digit of 241951?
1
What is the thousands digit of 2083505?
3
What is the hundred thousands digit of 665794?
6
What is the hundred thousands digit of 3796541?
7
What is the ten millions digit of 15469135?
1
What is the tens digit of 2517967?
6
What is the tens digit of 74668?
6
What is the units digit of 1502885?
5
What is the units digit of 1857685?
5
What is the ten thousands digit of 883893?
8
What is the hundred thousands digit of 625865?
6
What is the thousands digit of 4191500?
1
What is the hundreds digit of 323105?
1
What is the tens digit of 11533504?
0
What is the ten thousands digit of 387291?
8
What is the hundreds digit of 7249918?
9
What is the hundreds digit of 307053?
0
What is the thousands digit of 2325220?
5
What is the thousands digit of 220885?
0
What is the tens digit of 2130880?
8
What is the tens digit of 6146?
4
What is the tens digit of 2522988?
8
What is the thousands digit of 321674?
1
What is the hundred thousands digit of 3117640?
1
What is the units digit of 1230367?
7
What is the millions digit of 5269362?
5
What is the ten thousands digit of 11913?
1
What is the thousands digit of 1966181?
6
What is the millions digit of 2177936?
2
What is the units digit of 4589985?
5
What is the units digit of 306297?
7
What is the units digit of 9153711?
1
What is the ten thousands digit of 33355?
3
What is the hundreds digit of 4654453?
4
What is the tens digit of 370082?
8
What is the hundred thousands digit of 1849358?
8
What is the units digit of 3711335?
5
What is the hundreds digit of 382902?
9
What is the tens digit of 76744?
4
What is the thousands digit of 20826411?
6
What is the thousands digit of 201016?
1
What is the hundred thousands digit of 841710?
8
What is the tens digit of 17364088?
8
What is the tens digit of 796177?
7
What is the thousands digit of 90226?
0
What is the units digit of 174240?
0
What is the tens digit of 6801036?
3
What is the ten thousands digit of 15586?
1
What is the thousands digit of 239031?
9
What is the ten thousands digit of 137427?
3
What is the tens digit of 277532?
3
What is the thousands digit of 778221?
8
What is the ten millions digit of 23828190?
2
What is the thousands digit of 36222362?
2
What is the units digit of 4508270?
0
What is the tens digit of 133963?
6
What is the hundreds digit of 79762?
7
What is the units digit of 208629?
9
What is the units digit of 2832490?
0
What is the hundred thousands digit of 328374?
3
What is the tens digit of 2899055?
5
What is the ten thousands digit of 95295?
9
What is the ten thousands digit of 1625803?
2
What is the units digit of 12728394?
4
What is the hundreds digit of 521782?
7
What is the ten thousands digit of 213924?
1
What is the ten thousands digit of 2859053?
5
What is the ten thousands digit of 540124?
4
What is the hundred thousands digit of 1668805?
6
What is the thousands digit of 2079947?
9
What is the hundreds digit of 16735377?
3
What is the hundred thousands digit of 2353493?
3
What is the units digit of 15226295?
5
What is the units digit of 327968?
8
What is the ten thousands digit of 30664810?
6
What is the units digit of 40249?
9
What is the thousands digit of 53525?
3
What is the ten thousands digit of 12333421?
3
What is the ten thousands digit of 95425?
9
What is the ten thousands digit of 344416?
4
What is the units digit of 100882?
2
What is the tens digit of 823837?
3
What is the hundred thousands digit of 522209?
5
What is the tens digit of 304665?
6
What is the thousands digit of 1964109?
4
What is the millions digit of 12237448?
2
What is the tens digit of 41868?
6
What is the hundred thousands digit of 19211924?
2
What is the thousands digit of 131116?
1
What is the ten thousands digit of 95491?
9
What is the ten thousands digit of 2235532?
3
What is the units digit of 8564478?
8
What is the hundred thousands digit of 7410664?
4
What is the tens digit of 6009967?
6
What is the units digit of 76558?
8
What is the hundreds digit of 295509?
5
What is the tens digit of 122353?
5
What is the units digit of 81438?
8
What is the hundred thousands digit of 1962417?
9
What is the millions digit of 1363902?
1
What is the hundreds digit of 952974?
9
What is the hundreds digit of 3901155?
1
What is the thousands digit of 1018040?
8
What is the thousands digit of 39870?
9
What is the tens digit of 231494?
9
What is the hundred thousands digit of 463556?
4
What is the millions digit of 7273943?
7
What is the hundreds digit of 246275?
2
What is the units digit of 24924618?
8
What is the hundreds digit of 50804?
8
What is the hundred thousands digit of 129058?
1
What is the units digit of 25718?
8
What is the thousands digit of 902242?
2
What is the thousands digit of 2745601?
5
What is the millions digit of 1064515?
1
What is the hundred thousands digit of 24745020?
7
What is the tens digit of 609209?
0
What is the hundred thousands digit of 17210924?
2
What is the millions digit of 4727439?
4
What is the thousands digit of 914180?
4
What is the millions digit of 3486455?
3
What is the hundreds digit of 6488933?
9
What is the hundreds digit of 4500014?
0
What is the tens digit of 20263032?
3
What is the tens digit of 54639?
3
What is the units digit of 642150?
0
What is the hundreds digit of 36331665?
6
What is the hundred thousands digit of 17902387?
9
What is the units digit of 26205366?
6
What is the tens digit of 239819?
1
What is the tens digit of 343819?
1
What is the ten thousands digit of 180369?
8
What is the thousands digit of 583154?
3
What is the hundreds digit of 245385?
3
What is the hundred thousands digit of 3151016?
1
What is the tens digit of 484981?
8
What is the units digit of 556027?
7
What is the hundreds digit of 682291?
2
What is the thousands digit of 202031?
2
What is the ten thousands digit of 35581201?
8
What is the tens digit of 47557?
5
What is the units digit of 25401463?
3
What is the thousands digit of 409221?
9
What is the hundreds digit of 1016549?
5
What is the hundred thousands digit of 6744600?
7
What is the ten thousands digit of 102348?
0
What is the ten thousands digit of 493742?
9
What is the ten thousands digit of 7300792?
0
What is the hundred thousands digit of 565903?
5
What is the thousands digit of 3181628?
1
What is the ten thousands digit of 3823329?
2
What is the ten thousands digit of 140055?
4
What is the units digit of 802421?
1
What is the ten thousands digit of 3587211?
8
What is the ten thousands digit of 89933?
8
What is the millions digit of 1527847?
1
What is the hundreds digit of 89312?
3
What is the millions digit of 9479248?
9
What is the millions digit of 1956819?
1
What is the tens digit of 1383497?
9
What is the thousands digit of 11698976?
8
What is the hundred thousands digit of 1797937?
7
What is the ten thousands digit of 4040031?
4
What is the tens digit of 139446?
4
What is the units digit of 5594163?
3
What is the ten thousands digit of 44805?
4
What is the thousands digit of 168463?
8
What is the tens digit of 317131?
3
What is the tens digit of 7968641?
4
What is the ten thousands digit of 6656631?
5
What is the millions digit of 1929502?
1
What is the hundreds digit of 462659?
6
What is the hundreds digit of 2332855?
8
What is the hundreds digit of 18325868?
8
What is the units digit of 4279098?
8
What is the units digit of 20450?
0
What is the thousands digit of 3194985?
4
What is the millions digit of 33680527?
3
What is the hundred thousands digit of 362811?
3
What is the hundreds digit of 901802?
8
What is the tens digit of 2674314?
1
What is the hundred thousands digit of 2601867?
6
What is the hundred thousands digit of 1602785?
6
What is the tens digit of 949880?
8
What is the ten thousands digit of 721442?
2
What is the hundred thousands digit of 8729173?
7
What is the hundreds digit of 6251553?
5
What is the hundreds digit of 3670965?
9
What is the tens digit of 168728?
2
What is the units digit of 195070?
0
What is the tens digit of 119668?
6
What is the thousands digit of 637452?
7
What is the hundreds digit of 159905?
9
What is the hundred thousands digit of 502021?
5
What is the ten thousands digit of